{"id":3029,"date":"2011-09-10T22:03:35","date_gmt":"2011-09-11T03:03:35","guid":{"rendered":"https:\/\/legacy.pazcondios.com\/?page_id=3029"},"modified":"2014-12-09T21:18:16","modified_gmt":"2014-12-10T02:18:16","slug":"mentor-virtual","status":"publish","type":"page","link":"https:\/\/legacy.pazcondios.com\/?page_id=3029","title":{"rendered":"Mentor Virtual"},"content":{"rendered":"<p>Con nuestro programa de <a href=\"https:\/\/legacy.pazcondios.com\/?cat=110\">Mentor Virtual<\/a>\u00a0queremos equipar l\u00edders por\u00a0compartir ideas y consejos acerca del ministerio, el liderazgo y la comunicaci\u00f3n.<\/p>\n<p>Nosotros todav\u00eda estamos descubriendo como trabajar mejor en el Reino &#8211; no tenemos todas las respuestas. No obstante, creemos que cada l\u00edder necesita una variedad \u00a0de mentores. Entonces, ofrecemos el <a href=\"https:\/\/legacy.pazcondios.com\/?cat=110\">Mentor Virtual<\/a>\u00a0para ayudarte a crecer en tu liderazgo.<\/p>\n<p>El <a href=\"https:\/\/legacy.pazcondios.com\/?cat=110\">Mentor Virtual<\/a> consiste de una serie de videos que explican una idea, concepto \u00f3 \u00e1nimo espec\u00edficamente para ayudarnos a crecer como l\u00edderes en la iglesia. Puedes ver todos los videos <a href=\"https:\/\/legacy.pazcondios.com\/?cat=110\">aqu\u00ed<\/a>.<\/p>\n<p>Te invitamos a que incluyas el programa del <a href=\"https:\/\/legacy.pazcondios.com\/?cat=110\">Mentor Virtual<\/a> en tu horario de aprendizaje. D\u00e9janos comentarios para que sepamos como servirte mejor.<\/p>\n<p>\u00a1Que Dios te bendiga tu liderazgo en su Reino!<\/p>\n","protected":false},"excerpt":{"rendered":"<p>Con nuestro programa de Mentor Virtual\u00a0queremos equipar l\u00edders por\u00a0compartir ideas y consejos acerca del ministerio, el liderazgo y la comunicaci\u00f3n. Nosotros todav\u00eda estamos descubriendo como trabajar mejor en el Reino &#8211; no tenemos todas las respuestas. No obstante, creemos que cada l\u00edder necesita una variedad \u00a0de mentores. Entonces, ofrecemos el Mentor Virtual\u00a0para ayudarte a crecer [&hellip;]<\/p>\n","protected":false},"author":1,"featured_media":0,"parent":0,"menu_order":0,"comment_status":"open","ping_status":"open","template":"","meta":[],"_links":{"self":[{"href":"https:\/\/legacy.pazcondios.com\/index.php?rest_route=\/wp\/v2\/pages\/3029"}],"collection":[{"href":"https:\/\/legacy.pazcondios.com\/index.php?rest_route=\/wp\/v2\/pages"}],"about":[{"href":"https:\/\/legacy.pazcondios.com\/index.php?rest_route=\/wp\/v2\/types\/page"}],"author":[{"embeddable":true,"href":"https:\/\/legacy.pazcondios.com\/index.php?rest_route=\/wp\/v2\/users\/1"}],"replies":[{"embeddable":true,"href":"https:\/\/legacy.pazcondios.com\/index.php?rest_route=%2Fwp%2Fv2%2Fcomments&post=3029"}],"version-history":[{"count":26,"href":"https:\/\/legacy.pazcondios.com\/index.php?rest_route=\/wp\/v2\/pages\/3029\/revisions"}],"predecessor-version":[{"id":4620,"href":"https:\/\/legacy.pazcondios.com\/index.php?rest_route=\/wp\/v2\/pages\/3029\/revisions\/4620"}],"wp:attachment":[{"href":"https:\/\/legacy.pazcondios.com\/index.php?rest_route=%2Fwp%2Fv2%2Fmedia&parent=3029"}],"curies":[{"name":"wp","href":"https:\/\/api.w.org\/{rel}","templated":true}]}}